-4
Let c(m) = 31*m - 16*m - m**3 - 9*m + 3 + 2*m**3 + 6*m**2. Calculate c(-5).
-2
Let u(c) be the first derivative of -c**2/2 + 8*c + 126. Give u(3).
5
Suppose 2*q + 3 = z, -3*q = -2*z - 2*z + 12. Let w(o) = -o**3 + o**2 - o**2 + o + 13. What is w(q)?
13
Let j(w) = 2*w**3 + w**2 + 3*w + 6. Let g(h) be the first derivative of -3*h**4/4 - h**3/3 - 3*h**2 - 11*h + 1. Let t(x) = -3*g(x) - 5*j(x). Give t(-2).
-3
Let j(m) = -m**2 - m + 4. Suppose 3*d - 2*d = -3*n + 2, -3*n - 6 = 3*d. What is j(d)?
-8
Suppose 67*j + 688 = -19*j. Let f(p) = -4*p - 2. What is f(j)?
30
Let u(z) = -4*z + 3 + 0*z + 23 - 25. Let d(l) = -l**3 - 6*l**2 - l - 2. Let x be d(-6). Determine u(x).
-15
Let h(t) = t + 9. Let i be h(-4). Let c(q) = 3*q**2 + 5*q**2 + 4 - 3*q - 7*q**2. Calculate c(i).
14
Let s be 9 - (-3 + 2) - (-3 + 2). Let d(c) = 19*c**2 - 11*c + 13. Let x(n) = -10*n**2 + 6*n - 7. Let h(g) = s*x(g) + 6*d(g). Calculate h(-1).
5
Let w(s) = -28*s + 56. Let p(i) = 10*i - 19. Let m(k) = -17*p(k) - 6*w(k). Give m(-6).
-1
Let z(g) = 2*g**3 + 2*g**3 - 22*g**2 - 27*g**2 + 48*g**2. Suppose -3 = -4*c + 5. Let q = 1 - c. Determine z(q).
-5
Suppose 17*x + 12 = 21*x. Let k(b) be the third derivative of -b**5/60 + b**4/4 - b**3/3 - 6*b**2. Calculate k(x).
7
Let i(v) = v**3 + 5*v**2 - v + 1. Suppose 0 = -4*j - 30 - 2. Let r be (j/6)/((-4)/42). Suppose 15 = 5*u, -2*u = 3*f + f + r. Give i(f).
6
Let h(o) = o**3 + 8*o**2 + 6*o - 3. Suppose 0 = -4*k - 10 + 2, 0 = 4*l - 4*k + 48. Let z = l - -7. Give h(z).
4
Let a(i) = i**2 - 16*i + 12. Let d be 130/8 + (-1)/4. Let t be a(d). Let h = -8 + t. Let c(q) = q**3 - 4*q**2 + 2*q + 2. Calculate c(h).
10
Let q(p) = -p - 16. Let h(m) = m**3 - 10*m**2 - 9*m - 14. Let v be h(11). Suppose -v*z - 6 = 58. Give q(z).
-8
Let g(x) be the second derivative of -1/6*x**3 + 0 + 0*x**2 + 7*x. Let n be 14/21 - 26/(-6). Calculate g(n).
-5
Let r = 230 - 239. Let j(l) = l**2 + 8*l - 13. Calculate j(r).
-4
Let c(m) be the first derivative of -2 - 5*m**2 + 1/3*m**3 + 10*m. Give c(8).
-6
Let h(u) be the first derivative of u**4/4 + 5*u**3/3 - u**2/2 - 5*u + 50. Let x be h(-5). Let i(c) = -c**3 - c**2 - c - 7. Calculate i(x).
-7
Let f(k) = -k**2 + k + 1. Let n(v) = -5*v**2 + 6*v - 3. Let m(w) = 4*f(w) - n(w). Let l(p) be the first derivative of m(p). Give l(5).
8
Let s(r) = r + 1. Let f = 435 - 430. Give s(f).
6
Let v(y) = 23*y**2 - y - 1. Suppose -8 = -4*h, -6*h + h + 7 = 3*k. Give v(k).
23
Let i(d) = d**2 - 6*d - 2. Let c(y) = y**2 + 3*y - 6. Let q be c(-5). Suppose -2*l = -q*l. Suppose l = -2*w + 5*w - 18. Calculate i(w).
-2
Let t(h) = -1 - 5*h + 2*h - 2. Suppose b + 7*b + 16 = 0. Calculate t(b).
3
Let c(n) be the first derivative of -n**3/3 - n**2/2 - 4*n - 35. What is c(6)?
-46
Let n(y) = -y**3 - y**2 + y. Let r = 40 - 33. Let p(j) = -j + 8. Let x be p(r). Determine n(x).
-1
Suppose -h = -4*h. Let n(z) be the third derivative of -z**5/60 - 17*z**3/6 - 3*z**2. Give n(h).
-17
Let k = -23 + 27. Suppose -k*x = -10 - 10. Let h(o) = 1 + o**2 + o**2 - o + x*o**2 + o**2. Calculate h(1).
8
Let r = -147 + 142. Let t(i) = i**2 - 1. Let v be t(2). Let x(n) = -2*n**3 - n**v - 4*n**2 + 2*n**3 - n + 6 + 8*n. Give x(r).
-4
Let b = 3 - 1. Suppose -b*u + 2 = -3*g - 6, -5*g - 8 = 2*u. Let h(k) be the first derivative of -8*k**3/3 + 8. Determine h(u).
-8
Let u(z) = -8*z**2 - 2*z. Let n(a) = a**2 + a. Let q(w) = -3*n(w) - u(w). Let k be 68/(4/(-1)) - (1 - 3). Let p be (10/k)/(4/6). What is q(p)?
6
Let m be 10/(-55) + 68/11. Let v(a) = -10 - 2*a**2 + a**2 + 2*a**2 - m*a. Let g(x) = 2*x + 3. Let f(q) = -14*g(q) - 4*v(q). What is f(-2)?
-10
Let a(z) = z**2 - 6. Let d be a(-7). Let r = 67 - d. Suppose -5*x - r = x. Let f(s) = s**3 + 5*s**2 + 6*s + 2. What is f(x)?
-6
Let t(d) = 10 - 19 + d + 6. Let l be t(3). Let a be -3 - (0 - 3 - l). Let k(o) = -o**3 + o**2 - o + 4. What is k(a)?
4
Let n(g) = -g**2 + 7*g - 15. Let u be (-57 - -47)*(-3)/5. Give n(u).
-9
Let k = 7 - 5. Suppose 0*m + 2*a = 2*m - 6, k*a = -4. Let l(b) = -3*b**2 + m + 0*b**2 + 4*b**2 - 2 + b. Calculate l(-2).
1
Let b be -3*(5/15 - 1). Let o(p) = 0*p**2 - 2*p**2 - b*p**2 - 4*p + p**3 - 2. Calculate o(4).
-18
Let d(k) = -13 - 1930*k - 1921*k - k**2 + 3856*k. Give d(4).
-9
Let p(k) = k**2 - 3*k - 1. Suppose -12*m = -4*m + 48. Let i(g) = -g**2 - 7*g - 2. Let o be i(m). Calculate p(o).
3
Let u(q) = 2*q**3 - 3169*q**2 - q**3 - 5 + 3161*q**2 + 10*q. Give u(7).
16
Let n = -16 - -19. Suppose 0 = -m + n*m + 3*v, 0 = -3*m + v - 22. Let p(g) be the third derivative of g**4/24 + 7*g**3/6 + 2*g**2. Determine p(m).
1
Let s(p) be the first derivative of p**4/4 - 7*p**3/3 - p**2 + 9*p + 78. Give s(6).
-39
Let l = 21 + -17. Let i(t) = 41*t**2 - 5*t + 7. Let s(g) = -21*g**2 + 3*g - 4. Let a(c) = l*i(c) + 7*s(c). Calculate a(-1).
16
Let l(r) be the third derivative of 0*r + 1/6*r**3 + 0 + r**2 - 1/4*r**4. Suppose -2*x = -w - 1, -5*w + 2 + 1 = -2*x. What is l(x)?
-5
Let s(v) be the third derivative of 0 + 0*v + v**3 + 1/60*v**5 - v**2 + 7/24*v**4. Give s(-6).
0
Let k(r) be the third derivative of r**4/8 - 7*r**3/3 + 4*r**2 - 44. Determine k(6).
4
Let y(q) be the second derivative of -q**5/60 - q**4/6 + 5*q**3/6 + 3*q**2 - 31*q. Let b(d) be the first derivative of y(d). Calculate b(-5).
0
Let c(w) = 22*w - 50. Let s(v) = 10*v - 24. Let x(z) = 6*c(z) - 13*s(z). Calculate x(-6).
0
Let f(x) = -5*x - 1. Let h(y) = 14*y + 4. Let j(s) = -17*f(s) - 6*h(s). Let v = -6 + 6. Give j(v).
-7
Let u(f) = f**2 - 7*f + 6. Let c = -1161 - -1168. What is u(c)?
6
Let n(w) = 4*w. Let q be n(-1). Let d(s) = -s**2 - 4*s - 3. Let g(r) = r + 1. Let u(m) = d(m) - 3*g(m). What is u(q)?
6
Let k(y) = y**2 + 3*y + 3. Suppose -6 = 5*f + 3*r, 4*r = 5*f + r - 6. Suppose -5*u + 16 - 1 = f. Suppose z = 2*z + u. Give k(z).
3
Let j(r) = 17*r - 12. Let b be j(1). Let g(s) = -6*s + 1. Calculate g(b).
-29
Suppose -315*i = -312*i - 24. Let c(l) = l**3 - 7*l**2 - 7*l - 11. Determine c(i).
-3
Suppose 16*p = -5*z + 21*p + 5, -3*z = -5*p + 1. Let u(n) = 19*n**2 + 4 - 2 - z*n + 4*n - 3. Determine u(1).
19
Let m(z) = -z**3 - 6*z**2 + 5*z - 9. Let f be ((-14)/(-6))/(207/27 - 8). Determine m(f).
5
Let d be 2/6*-3*3. Let p = d + 3. Let k(i) = 2 - 2*i - 2*i + 4*i - i. Calculate k(p).
2
Let w(r) be the first derivative of r**5/20 - r**4/6 + r**3/3 + r**2/2 + 37*r - 38. Let y(k) be the first derivative of w(k). Let i = -5 + 7. Calculate y(i).
5
Let c = -2 - -7. Let v(w) = -7*w - 17. Let k(r) = 3*r**3 - 2*r**2 + r. Let j be k(1). Let z(h) = 3*h + 8. Let q(l) = c*z(l) + j*v(l). Give q(-6).
0
Let l = 4170 - 4174. Let a(z) be the third derivative of -z**6/120 - z**5/12 - z**4/4 - 5*z**3/6 + z**2. Calculate a(l).
3
Suppose 486 = -4*k - 2*k. Let s be 18/k - (-94)/18. Let i(v) be the first derivative of v**4/4 - 4*v**3/3 - 7*v**2/2 - 3. What is i(s)?
-10
Let x = -91 - -93. Let r(v) = -6*v**2 + 5*v**x + 13 - 6*v - 8. Let c be (-1 + -1)*14/4. Determine r(c).
-2
Let v(k) = k + 5. Let z be v(-5). Let m(b) be the first derivative of 11*b - 1/2*b**2 - 4. Calculate m(z).
11
Let b be (1 - 1)*(-2)/4. Suppose b*w - 3*w - 15 = -y, -5*y = -5*w - 35. Let c(z) = 5*z + 1. Calculate c(y).
16
Let h(x) = x**3 - 8*x - 2. Let z be h(3). Let j(q) = 4*q**3 - 3*q**2 + 1. What is j(z)?
2
Let f = 5 + -4. Let t(s) = -12*s - 2. Let b(m) = 21*m + 3. Let x(q) = 3*b(q) + 5*t(q). Determine x(f).
2
Let r be (6/(-22))/((-43)/473). Let b(n) = -2*n**2 + 5*n - 5. What is b(r)?
-8
Let m(s) be the second derivative of 8*s**5/5 - s**3/6 - 310*s. What is m(1)?
31
Let f(z) = 31*z - 21. Let s(k) = -11*k + 7. Let d(r) = 6*f(r) + 17*s(r). Calculate d(-4).
-3
Suppose -10 = -a + 23*t - 19*t, 5*t + 40 = 4*a. Let y(p) = -p + 11. What is y(a)?
1
Let x(h) = -64 - 70 - 67 + 208 + 3*h + 5*h. What is x(-5)?
-33
Let b(y) = y**2 + 1. Let l = 465 - 469. Give b(l).
17
Suppose 0 = -50*r + 36*r - 42. Let d(a) = a**3 + 8*a**2 + 3*a - 2. What is d(r)?
34
Let q(k) = 17*k - 12. Let g(b) = -30*b + 25. Let j(u) = 4*g(u) + 7*q(u). Determine j(9).
7
Let j(z) = z + 2. Let m(k) = 5*k**2 + 3*k**3 + k**2 + 6*k - 5*k**3 - 5 + 3*k**3. Let o be m(-5). Let w = o - -8. Determine j(w).
0
Let d be ((-11)/(-44))/(4/(-80)). Let j(q) = q - 3. Give j(d).
-8
Let p be (-1*3/(-9))/(5/60). Let m(q) = -p + 4*q + 7 - 3*q. What is m(-6)?
-3
Let f(y) = -y**2 - y - 9. Let a = 517 + -510.